{"id":541,"date":"2021-01-15T08:59:18","date_gmt":"2021-01-15T08:59:18","guid":{"rendered":"http:\/\/francophonies.de\/impressum\/"},"modified":"2021-01-15T08:59:21","modified_gmt":"2021-01-15T08:59:21","slug":"impressum","status":"publish","type":"page","link":"https:\/\/www.francophonies.de\/de\/impressum\/","title":{"rendered":"Impressum"},"content":{"rendered":"[vc_row type=&#8220;in_container&#8220; full_screen_row_position=&#8220;middle&#8220; column_margin=&#8220;default&#8220; column_direction=&#8220;default&#8220; column_direction_tablet=&#8220;default&#8220; column_direction_phone=&#8220;default&#8220; scene_position=&#8220;center&#8220; text_color=&#8220;dark&#8220; text_align=&#8220;left&#8220; row_border_radius=&#8220;none&#8220; row_border_radius_applies=&#8220;bg&#8220; overlay_strength=&#8220;0.3&#8243; gradient_direction=&#8220;left_to_right&#8220; shape_divider_position=&#8220;bottom&#8220; bg_image_animation=&#8220;none&#8220;][vc_column column_padding=&#8220;no-extra-padding&#8220; column_padding_tablet=&#8220;inherit&#8220; column_padding_phone=&#8220;inherit&#8220; column_padding_position=&#8220;all&#8220; background_color_opacity=&#8220;1&#8243; background_hover_color_opacity=&#8220;1&#8243; column_shadow=&#8220;none&#8220; column_border_radius=&#8220;none&#8220; column_link_target=&#8220;_self&#8220; gradient_direction=&#8220;left_to_right&#8220; overlay_strength=&#8220;0.3&#8243; width=&#8220;1\/1&#8243; tablet_width_inherit=&#8220;default&#8220; tablet_text_alignment=&#8220;default&#8220; phone_text_alignment=&#8220;default&#8220; column_border_width=&#8220;none&#8220; column_border_style=&#8220;solid&#8220; bg_image_animation=&#8220;none&#8220;][vc_column_text]<b>Maison des Francophonies de Berlin im CFB<\/b><\/p>\n<p><b>Centre Fran\u00e7ais de Berlin gGmbH<\/b><span style=\"font-weight: 400;\"><br \/>\n<\/span><span style=\"font-weight: 400;\">M\u00fcllerstra\u00dfe 74<\/span><span style=\"font-weight: 400;\"><br \/>\n<\/span><span style=\"font-weight: 400;\">13349 Berlin<\/span><\/p>\n<p><span style=\"font-weight: 400;\">U6 Rehberge<\/span><\/p>\n<p><span style=\"font-weight: 400;\">HRB 58123 Amtsgericht Berlin Charlottenburg<\/span><span style=\"font-weight: 400;\"><br \/>\n<\/span><span style=\"font-weight: 400;\">Stnr. 27\/026\/31155<\/span><\/p>\n<p><span style=\"font-weight: 400;\">Tel.: 030-1208603-0<\/span><span style=\"font-weight: 400;\"><br \/>\n<\/span><span style=\"font-weight: 400;\">Fax : 030 459 793 55<\/span><\/p>\n<p><span style=\"font-weight: 400;\">Email: <\/span><a href=\"mailto:francophonies@centre-francais.de\"><span style=\"font-weight: 400;\">contact<\/span><\/a><span style=\"font-weight: 400;\"> @ francophonies.de<\/span><\/p>\n<p><b>Gesch\u00e4ftsf\u00fchrer<\/b><span style=\"font-weight: 400;\"><br \/>\n<\/span><span style=\"font-weight: 400;\">Florian Fangmann<\/span><\/p>\n<p><b>Nutzungshinweise<\/b><\/p>\n<p><span style=\"font-weight: 400;\">Die Inhalte dieser Internet-Seiten dienen der Information der \u00d6ffentlichkeit. Ohne ausdr\u00fcckliche Genehmigung seitens des Centre Fran\u00e7ais de Berlin (CFB) ist jegliche Verwendung von Textteilen dieser Homepage nicht gestattet.<\/span><\/p>\n<p><b>Eigene Inhalte<\/b><\/p>\n<p><span style=\"font-weight: 400;\">Alle Angaben auf dieser Homepage wurden mit gr\u00f6\u00dfter Sorgfalt erarbeitet und zusammengestellt. Trotzdem sind Fehler nicht ganz auszuschlie\u00dfen. Das CFB weist darauf hin, dass es weder eine Garantie noch die juristische Verantwortung oder irgendeine Haftung f\u00fcr Folgen, die auf fehlerhafte Angaben zur\u00fcckgehen, \u00fcbernimmt.<\/span><\/p>\n<p><b>Inhalte anderweitiger Anbieter<\/b><\/p>\n<p><span style=\"font-weight: 400;\">Die auf diesen Seiten vorhandenen Links zu Inhalten von Internet-Seiten Dritter wurden nach bestem Wissen und unter Beachtung gr\u00f6\u00dftm\u00f6glicher Sorgfalt erstellt. Die Vertrauensw\u00fcrdigkeit der Anbieter und die Rechtm\u00e4\u00dfigkeit der Inhalte wurde \u00fcberpr\u00fcft. Da jedoch der Inhalt von Internetseiten dynamisch ist und sich jederzeit \u00e4ndern kann, ist eine ununterbrochene \u00dcberwachung der Inhalte, auf die ein Link erstellt wurde, nicht m\u00f6glich. Das CFB macht sich deshalb den Inhalt von Internet-Seiten Dritter, die mit der eigenen Internetpr\u00e4senz verlinkt sind, insoweit nicht zu eigen.<\/span><\/p>\n<p><b>Haftungshinweis<\/b><\/p>\n<p><span style=\"font-weight: 400;\">Das CFB erkl\u00e4rt ausdr\u00fccklich, dass zum Zeitpunkt der Linksetzung keine illegalen Inhalte auf den zu verlinkenden Seiten erkennbar waren.<\/span><span style=\"font-weight: 400;\"><br \/>\n<\/span><span style=\"font-weight: 400;\">Auf die aktuelle und zuk\u00fcnftige Gestaltung, die Inhalte oder die Urheberschaft der gelinkten Seiten hat das CFB keinen Einfluss. Deshalb distanziert es sich ausdr\u00fccklich von den Inhalten aller gelinkten Seiten sowie von Fremdeintr\u00e4gen (Blogs, Kleinanzeigen, etc.).<\/span><\/p>\n<p><b>Datenschutzerkl\u00e4rung<\/b><\/p>\n<p><span style=\"font-weight: 400;\">Das CFB nimmt den Schutz Ihrer pers\u00f6nlichen Daten sehr ernst und h\u00e4lt sich an die Vorschriften des Bundesdatenschutzgesetzes. Es werden auf dieser Website nur zweckgebunden und mit Ihrer Erlaubnis personenbezogene Daten erhoben, verarbeitet und genutzt, die f\u00fcr die Nutzung unserer angebotenen Online-Angebote (Newsletter, Artikel etc.) ben\u00f6tigt werden.<\/span><\/p>\n<p><span style=\"font-weight: 400;\">Weitere Informationen finden Sie in der\u00a0 ausf\u00fchrlichen Datenschutzerkl\u00e4rung des CFB.<\/span><\/p>\n<p>&nbsp;<\/p>\n[\/vc_column_text][\/vc_column][\/vc_row]\n","protected":false},"excerpt":{"rendered":"<p>[vc_row type=&#8220;in_container&#8220; full_screen_row_position=&#8220;middle&#8220; column_margin=&#8220;default&#8220; column_direction=&#8220;default&#8220; column_direction_tablet=&#8220;default&#8220; column_direction_phone=&#8220;default&#8220; scene_position=&#8220;center&#8220; text_color=&#8220;dark&#8220; text_align=&#8220;left&#8220; row_border_radius=&#8220;none&#8220; row_border_radius_applies=&#8220;bg&#8220; overlay_strength=&#8220;0.3&#8243; gradient_direction=&#8220;left_to_right&#8220; shape_divider_position=&#8220;bottom&#8220; bg_image_animation=&#8220;none&#8220;][vc_column column_padding=&#8220;no-extra-padding&#8220; column_padding_tablet=&#8220;inherit&#8220; column_padding_phone=&#8220;inherit&#8220; column_padding_position=&#8220;all&#8220; background_color_opacity=&#8220;1&#8243; background_hover_color_opacity=&#8220;1&#8243; column_shadow=&#8220;none&#8220; column_border_radius=&#8220;none&#8220; column_link_target=&#8220;_self&#8220; gradient_direction=&#8220;left_to_right&#8220; overlay_strength=&#8220;0.3&#8243; width=&#8220;1\/1&#8243; tablet_width_inherit=&#8220;default&#8220; tablet_text_alignment=&#8220;default&#8220;&#8230;<\/p>\n","protected":false},"author":1,"featured_media":0,"parent":0,"menu_order":0,"comment_status":"closed","ping_status":"closed","template":"","meta":{"_seopress_robots_primary_cat":"","_seopress_titles_title":"","_seopress_titles_desc":"","_seopress_robots_index":"","footnotes":""},"class_list":["post-541","page","type-page","status-publish"],"_links":{"self":[{"href":"https:\/\/www.francophonies.de\/de\/wp-json\/wp\/v2\/pages\/541","targetHints":{"allow":["GET"]}}],"collection":[{"href":"https:\/\/www.francophonies.de\/de\/wp-json\/wp\/v2\/pages"}],"about":[{"href":"https:\/\/www.francophonies.de\/de\/wp-json\/wp\/v2\/types\/page"}],"author":[{"embeddable":true,"href":"https:\/\/www.francophonies.de\/de\/wp-json\/wp\/v2\/users\/1"}],"replies":[{"embeddable":true,"href":"https:\/\/www.francophonies.de\/de\/wp-json\/wp\/v2\/comments?post=541"}],"version-history":[{"count":5,"href":"https:\/\/www.francophonies.de\/de\/wp-json\/wp\/v2\/pages\/541\/revisions"}],"predecessor-version":[{"id":546,"href":"https:\/\/www.francophonies.de\/de\/wp-json\/wp\/v2\/pages\/541\/revisions\/546"}],"wp:attachment":[{"href":"https:\/\/www.francophonies.de\/de\/wp-json\/wp\/v2\/media?parent=541"}],"curies":[{"name":"wp","href":"https:\/\/api.w.org\/{rel}","templated":true}]}}

[vc_row type=&#8220;in_container&#8220; full_screen_row_position=&#8220;middle&#8220; column_margin=&#8220;default&#8220; column_direction=&#8220;default&#8220; column_direction_tablet=&#8220;default&#8220; column_direction_phone=&#8220;default&#8220; scene_position=&#8220;center&#8220; text_color=&#8220;dark&#8220; text_align=&#8220;left&#8220; row_border_radius=&#8220;none&#8220; row_border_radius_applies=&#8220;bg&#8220; overlay_strength=&#8220;0.3&#8243; gradient_direction=&#8220;left_to_right&#8220; shape_divider_position=&#8220;bottom&#8220; bg_image_animation=&#8220;none&#8220;][vc_column column_padding=&#8220;no-extra-padding&#8220; column_padding_tablet=&#8220;inherit&#8220; column_padding_phone=&#8220;inherit&#8220; column_padding_position=&#8220;all&#8220; background_color_opacity=&#8220;1&#8243; background_hover_color_opacity=&#8220;1&#8243; column_shadow=&#8220;none&#8220; column_border_radius=&#8220;none&#8220; column_link_target=&#8220;_self&#8220; gradient_direction=&#8220;left_to_right&#8220; overlay_strength=&#8220;0.3&#8243; width=&#8220;1/1&#8243; tablet_width_inherit=&#8220;default&#8220; tablet_text_alignment=&#8220;default&#8220; phone_text_alignment=&#8220;default&#8220; column_border_width=&#8220;none&#8220; column_border_style=&#8220;solid&#8220; bg_image_animation=&#8220;none&#8220;][vc_column_text]<b>Maison des Francophonies de Berlin im CFB</b></p>
<p><b>Centre Français de Berlin gGmbH</b><span style="font-weight: 400;"><br />
</span><span style="font-weight: 400;">Müllerstraße 74</span><span style="font-weight: 400;"><br />
</span><span style="font-weight: 400;">13349 Berlin</span></p>
<p><span style="font-weight: 400;">U6 Rehberge</span></p>
<p><span style="font-weight: 400;">HRB 58123 Amtsgericht Berlin Charlottenburg</span><span style="font-weight: 400;"><br />
</span><span style="font-weight: 400;">Stnr. 27/026/31155</span></p>
<p><span style="font-weight: 400;">Tel.: 030-1208603-0</span><span style="font-weight: 400;"><br />
</span><span style="font-weight: 400;">Fax : 030 459 793 55</span></p>
<p><span style="font-weight: 400;">Email: </span><a href="mailto:francophonies@centre-francais.de"><span style="font-weight: 400;">contact</span></a><span style="font-weight: 400;"> @ francophonies.de</span></p>
<p><b>Geschäftsführer</b><span style="font-weight: 400;"><br />
</span><span style="font-weight: 400;">Florian Fangmann</span></p>
<p><b>Nutzungshinweise</b></p>
<p><span style="font-weight: 400;">Die Inhalte dieser Internet-Seiten dienen der Information der Öffentlichkeit. Ohne ausdrückliche Genehmigung seitens des Centre Français de Berlin (CFB) ist jegliche Verwendung von Textteilen dieser Homepage nicht gestattet.</span></p>
<p><b>Eigene Inhalte</b></p>
<p><span style="font-weight: 400;">Alle Angaben auf dieser Homepage wurden mit größter Sorgfalt erarbeitet und zusammengestellt. Trotzdem sind Fehler nicht ganz auszuschließen. Das CFB weist darauf hin, dass es weder eine Garantie noch die juristische Verantwortung oder irgendeine Haftung für Folgen, die auf fehlerhafte Angaben zurückgehen, übernimmt.</span></p>
<p><b>Inhalte anderweitiger Anbieter</b></p>
<p><span style="font-weight: 400;">Die auf diesen Seiten vorhandenen Links zu Inhalten von Internet-Seiten Dritter wurden nach bestem Wissen und unter Beachtung größtmöglicher Sorgfalt erstellt. Die Vertrauenswürdigkeit der Anbieter und die Rechtmäßigkeit der Inhalte wurde überprüft. Da jedoch der Inhalt von Internetseiten dynamisch ist und sich jederzeit ändern kann, ist eine ununterbrochene Überwachung der Inhalte, auf die ein Link erstellt wurde, nicht möglich. Das CFB macht sich deshalb den Inhalt von Internet-Seiten Dritter, die mit der eigenen Internetpräsenz verlinkt sind, insoweit nicht zu eigen.</span></p>
<p><b>Haftungshinweis</b></p>
<p><span style="font-weight: 400;">Das CFB erklärt ausdrücklich, dass zum Zeitpunkt der Linksetzung keine illegalen Inhalte auf den zu verlinkenden Seiten erkennbar waren.</span><span style="font-weight: 400;"><br />
</span><span style="font-weight: 400;">Auf die aktuelle und zukünftige Gestaltung, die Inhalte oder die Urheberschaft der gelinkten Seiten hat das CFB keinen Einfluss. Deshalb distanziert es sich ausdrücklich von den Inhalten aller gelinkten Seiten sowie von Fremdeinträgen (Blogs, Kleinanzeigen, etc.).</span></p>
<p><b>Datenschutzerklärung</b></p>
<p><span style="font-weight: 400;">Das CFB nimmt den Schutz Ihrer persönlichen Daten sehr ernst und hält sich an die Vorschriften des Bundesdatenschutzgesetzes. Es werden auf dieser Website nur zweckgebunden und mit Ihrer Erlaubnis personenbezogene Daten erhoben, verarbeitet und genutzt, die für die Nutzung unserer angebotenen Online-Angebote (Newsletter, Artikel etc.) benötigt werden.</span></p>
<p><span style="font-weight: 400;">Weitere Informationen finden Sie in der  ausführlichen Datenschutzerklärung des CFB.</span></p>
<p>&nbsp;</p>
[/vc_column_text][/vc_column][/vc_row]
