{"id":2998,"date":"2024-10-31T16:15:29","date_gmt":"2024-10-31T15:15:29","guid":{"rendered":"https:\/\/www.francophonies.de\/?post_type=ajde_events&#038;p=2998"},"modified":"2024-11-05T13:54:43","modified_gmt":"2024-11-05T12:54:43","slug":"franzosische-filmwoche","status":"publish","type":"ajde_events","link":"https:\/\/www.francophonies.de\/de\/events\/franzosische-filmwoche\/","title":{"rendered":"Franz\u00f6sische Filmwoche"},"content":{"rendered":"<div class=\"text text-eventpage-summary\">\n<p><span style=\"color: #000000;\">L&#8217;Institut fran\u00e7ais organise pour la deuxi\u00e8me fois \u00e0 Hambourg, du 21 au 27 novembre, la Semaine du cin\u00e9ma fran\u00e7ais, qui vous propose un programme riche et vari\u00e9 de films r\u00e9cents, mettant en lumi\u00e8re la diversit\u00e9 du cin\u00e9ma fran\u00e7ais et francophone.<\/span><\/p>\n<\/div>\n<div class=\"text\">\n<p><span style=\"color: #000000;\">La semaine du film fran\u00e7ais se d\u00e9roulera dans deux cin\u00e9mas de Hambourg : le\u00a0<a style=\"color: #000000;\" href=\"https:\/\/www.zeise.de\/\" rel=\"nofollow\">Zeise-Kino<\/a>\u00a0et le\u00a0<a style=\"color: #000000;\" href=\"https:\/\/www.metropoliskino.de\/home\" rel=\"nofollow\">Metropolis-Kino<\/a>. La semaine cin\u00e9matographique s&#8217;ouvrira au Zeise-Kino avec le film\u00a0<a style=\"color: #000000;\" href=\"https:\/\/www.zeise.de\/film\/3433\" rel=\"nofollow\"><strong>En Fanfare &#8211; Die leise und die gro\u00dfen T\u00f6ne<\/strong><\/a>\u00a0le 21\/11\/2024 \u00e0 20 heures.<\/span><br \/>\n<span style=\"color: #000000;\">R\u00e9servez vos places directement aupr\u00e8s des cin\u00e9mas ou sur leurs sites web.<\/span><br \/>\n<span style=\"color: #000000;\">\u00a0<\/span><\/p>\n<p class=\"red\"><span style=\"color: #000000;\">Programme au cin\u00e9ma Zeise<\/span><\/p>\n<p><span style=\"color: #000000;\">21\/11 \u00e0 20h |\u00a0<a style=\"color: #000000;\" href=\"https:\/\/www.zeise.de\/film\/3433\" rel=\"nofollow\"><strong>En Fanfare<\/strong><\/a><strong>\u00a0<\/strong>&#8211; de Emmanuel Courcol, 103 min, VOF sous-titr\u00e9e allemand.<\/span><br \/>\n<span style=\"color: #000000;\">22\/11 \u00e0 16h30 |\u00a0<strong>Bonnard, Pierre et Marthe<\/strong>\u00a0&#8211; de Martin Provost, 122 min, VOF sous-titr\u00e9e allemand.<\/span><br \/>\n<span style=\"color: #000000;\">22\/11 \u00e0 19:00 |\u00a0<a style=\"color: #000000;\" href=\"https:\/\/www.zeise.de\/film\/3435\" rel=\"nofollow\"><strong>Universal Language<\/strong><\/a>\u00a0&#8211; de Matthew Rankin, 89 min, VOF sous-titr\u00e9e allemand.<\/span><br \/>\n<span style=\"color: #000000;\">23\/11 \u00e0 12.30 |\u00a0<a style=\"color: #000000;\" href=\"https:\/\/www.zeise.de\/film\/3436\" rel=\"nofollow\"><strong>Le Comte de Monte-Cristo<\/strong><\/a>\u00a0&#8211; de Matthieu Delaporte et Alexandre De La Patelli\u00e8re, 173 min, VOF sous-titr\u00e9e allemand.<\/span><br \/>\n<span style=\"color: #000000;\">23\/11 \u00e0 12:30 |\u00a0<strong>Kina &amp; Yuk\u00a0<\/strong>&#8211; de Guillaume Maidatchevsky, 80 min.<\/span><br \/>\n<span style=\"color: #000000;\">23\/11 \u00e0 16h15 |\u00a0<strong>Bol\u00e9ro<\/strong>\u00a0&#8211; d&#8217;Anne Fontaine, 120 min, VOF sous-titr\u00e9e allemand.<\/span><br \/>\n<span style=\"color: #000000;\">23\/11 \u00e0 19:00 |\u00a0<strong>Nous les Leroy &#8211; C&#8217;est \u00e0 toi Cherie<\/strong>\u00a0&#8211; de Florent Bernard (FloBer), 102 min, VOF sous-titr\u00e9e allemand.<\/span><br \/>\n<span style=\"color: #000000;\">24\/11 \u00e0 16:30 |\u00a0<a style=\"color: #000000;\" href=\"https:\/\/www.zeise.de\/film\/3434\" rel=\"nofollow\"><strong>Rabia<\/strong><\/a>\u00a0&#8211; de Mareike Engelhardt, 95 min, VOF sous-titr\u00e9e allemand. &#8211;\u00a0<strong>avec invit\u00e9<\/strong><\/span><br \/>\n<span style=\"color: #000000;\">24\/11 \u00e0 19:30 |\u00a0<a style=\"color: #000000;\" href=\"https:\/\/www.zeise.de\/film\/3436\" rel=\"nofollow\"><strong>Le Comte de Monte-Cristo<\/strong><\/a>\u00a0&#8211; de Matthieu Delaporte et Alexandre De La Patelli\u00e8re, 173 min, VOF sous-titr\u00e9e allemand.<\/span><\/p>\n<p><span style=\"color: #000000;\"><a style=\"color: #000000;\" href=\"https:\/\/www.zeise.de\/\" rel=\"nofollow\"><strong>Zeise-Kinos<\/strong><\/a><\/span><br \/>\n<span style=\"color: #000000;\">Friedensallee 7-9<\/span><br \/>\n<span style=\"color: #000000;\">22765 Hamburg<\/span><\/p>\n<p class=\"red\"><span style=\"color: #000000;\">Programme au cin\u00e9ma Metropolis<\/span><\/p>\n<p><span style=\"color: #000000;\">25\/11 \u00e0 17:00 |\u00a0<a style=\"color: #000000;\" href=\"https:\/\/www.metropoliskino.de\/themen?theme=94&amp;film=2129\" rel=\"nofollow\"><strong>L&#8217;Art d&#8217;\u00eatre heureux<\/strong><\/a>\u00a0&#8211; de Stefan Liberski, 110 min, VOF sous-titr\u00e9e allemand.<\/span><br \/>\n<span style=\"color: #000000;\">25\/11 \u00e0 9h15 |\u00a0<a style=\"color: #000000;\" href=\"https:\/\/www.metropoliskino.de\/themen?theme=94&amp;film=2130\" rel=\"nofollow\"><strong>Ma vie, ma gueule<\/strong><\/a><strong>\u00a0<\/strong>&#8211; de Sophie Filli\u00e8res, 99 min, VOF sous-titr\u00e9e allemand.<\/span><br \/>\n<span style=\"color: #000000;\">26\/11 \u00e0 17:00 |\u00a0<a style=\"color: #000000;\" href=\"https:\/\/www.metropoliskino.de\/themen?theme=94&amp;film=2131\" rel=\"nofollow\"><strong>La plus pr\u00e9cieuse des marchandises<\/strong><\/a>\u00a0&#8211; de Michel Hazanavicius, 81 min, VOF sous-titr\u00e9e allemand.<\/span><br \/>\n<span style=\"color: #000000;\">26\/11 \u00e0 19:00 |\u00a0<a style=\"color: #000000;\" href=\"https:\/\/www.metropoliskino.de\/themen?theme=94&amp;film=2132\" rel=\"nofollow\"><strong>Beating Hearts \/ L&#8217;amour ouf<\/strong><\/a><strong>\u00a0<\/strong>&#8211; de Gilles Lellouche, 166 min, VOF sous-titr\u00e9e allemand.<\/span><br \/>\n<span style=\"color: #000000;\">27\/11 \u00e0 17:30 |\u00a0<a style=\"color: #000000;\" href=\"https:\/\/www.metropoliskino.de\/themen?theme=94&amp;film=2134\" rel=\"nofollow\"><strong>Le Roman de Jim<\/strong><\/a>\u00a0&#8211; d&#8217;Arnaud Larrieu et Jean-Marie Larrieu, 101 min, VOF sous-titr\u00e9e allemand.<\/span><br \/>\n<span style=\"color: #000000;\">27\/11 \u00e0 19:45 |\u00a0<a style=\"color: #000000;\" href=\"https:\/\/www.metropoliskino.de\/themen?theme=94&amp;film=2135\" rel=\"nofollow\"><strong>Rendez-vous avec Pol Pot<\/strong><\/a>\u00a0&#8211; de Rithy Panh, 118 min, VOF sous-titr\u00e9e allemand.<\/span><\/p>\n<p><span style=\"color: #000000;\"><a style=\"color: #000000;\" href=\"https:\/\/www.metropoliskino.de\/home\" rel=\"nofollow\"><strong>Metropolis Kino<\/strong><\/a><\/span><br \/>\n<span style=\"color: #000000;\">Kleine Theaterstra\u00dfe 10<\/span><br \/>\n<span style=\"color: #000000;\">20354 Hamburg<\/span><\/p>\n<p>&nbsp;<\/p>\n<p><span style=\"color: #000000;\"><em>Une initiative de l&#8217;Institut fran\u00e7ais d&#8217;Allemagne et d\u2019Unifrance.<\/em><\/span><\/p>\n<\/div>\n<div id=\"infobox\">\n<h3 class=\"date\"><span style=\"color: #000000;\">21 novembre 2024 &#8211; 27 novembre 2024<\/span><\/h3>\n<\/div>\n<p>Plus d\u00b4informations sur le site du festival : <a href=\"https:\/\/www.franzoesische-filmwoche.de\/\">ici<\/a><\/p>\n","protected":false},"author":1,"featured_media":3001,"menu_order":0,"comment_status":"closed","ping_status":"closed","template":"","meta":{"_seopress_robots_primary_cat":"","_seopress_titles_title":"","_seopress_titles_desc":"","_seopress_robots_index":""},"tags":[],"event_type":[34],"event_type_2":[],"class_list":{"0":"post-2998","1":"ajde_events","2":"type-ajde_events","3":"status-publish","4":"has-post-thumbnail","6":"event_location-institut-francais-berlin","7":"event_organizer-institut-francais-berlin","8":"event_type-principal"},"_links":{"self":[{"href":"https:\/\/www.francophonies.de\/de\/wp-json\/wp\/v2\/ajde_events\/2998","targetHints":{"allow":["GET"]}}],"collection":[{"href":"https:\/\/www.francophonies.de\/de\/wp-json\/wp\/v2\/ajde_events"}],"about":[{"href":"https:\/\/www.francophonies.de\/de\/wp-json\/wp\/v2\/types\/ajde_events"}],"author":[{"embeddable":true,"href":"https:\/\/www.francophonies.de\/de\/wp-json\/wp\/v2\/users\/1"}],"replies":[{"embeddable":true,"href":"https:\/\/www.francophonies.de\/de\/wp-json\/wp\/v2\/comments?post=2998"}],"wp:featuredmedia":[{"embeddable":true,"href":"https:\/\/www.francophonies.de\/de\/wp-json\/wp\/v2\/media\/3001"}],"wp:attachment":[{"href":"https:\/\/www.francophonies.de\/de\/wp-json\/wp\/v2\/media?parent=2998"}],"wp:term":[{"taxonomy":"post_tag","embeddable":true,"href":"https:\/\/www.francophonies.de\/de\/wp-json\/wp\/v2\/tags?post=2998"},{"taxonomy":"event_type","embeddable":true,"href":"https:\/\/www.francophonies.de\/de\/wp-json\/wp\/v2\/event_type?post=2998"},{"taxonomy":"event_type_2","embeddable":true,"href":"https:\/\/www.francophonies.de\/de\/wp-json\/wp\/v2\/event_type_2?post=2998"}],"curies":[{"name":"wp","href":"https:\/\/api.w.org\/{rel}","templated":true}]}}

Französische Filmwoche

<div class="text text-eventpage-summary">
<p><span style="color: #000000;">L&#8217;Institut français organise pour la deuxième fois à Hambourg, du 21 au 27 novembre, la Semaine du cinéma français, qui vous propose un programme riche et varié de films récents, mettant en lumière la diversité du cinéma français et francophone.</span></p>
</div>
<div class="text">
<p><span style="color: #000000;">La semaine du film français se déroulera dans deux cinémas de Hambourg : le <a style="color: #000000;" href="https://www.zeise.de/" rel="nofollow">Zeise-Kino</a> et le <a style="color: #000000;" href="https://www.metropoliskino.de/home" rel="nofollow">Metropolis-Kino</a>. La semaine cinématographique s&#8217;ouvrira au Zeise-Kino avec le film <a style="color: #000000;" href="https://www.zeise.de/film/3433" rel="nofollow"><strong>En Fanfare &#8211; Die leise und die großen Töne</strong></a> le 21/11/2024 à 20 heures.</span><br />
<span style="color: #000000;">Réservez vos places directement auprès des cinémas ou sur leurs sites web.</span><br />
<span style="color: #000000;"> </span></p>
<p class="red"><span style="color: #000000;">Programme au cinéma Zeise</span></p>
<p><span style="color: #000000;">21/11 à 20h | <a style="color: #000000;" href="https://www.zeise.de/film/3433" rel="nofollow"><strong>En Fanfare</strong></a><strong> </strong>&#8211; de Emmanuel Courcol, 103 min, VOF sous-titrée allemand.</span><br />
<span style="color: #000000;">22/11 à 16h30 | <strong>Bonnard, Pierre et Marthe</strong> &#8211; de Martin Provost, 122 min, VOF sous-titrée allemand.</span><br />
<span style="color: #000000;">22/11 à 19:00 | <a style="color: #000000;" href="https://www.zeise.de/film/3435" rel="nofollow"><strong>Universal Language</strong></a> &#8211; de Matthew Rankin, 89 min, VOF sous-titrée allemand.</span><br />
<span style="color: #000000;">23/11 à 12.30 | <a style="color: #000000;" href="https://www.zeise.de/film/3436" rel="nofollow"><strong>Le Comte de Monte-Cristo</strong></a> &#8211; de Matthieu Delaporte et Alexandre De La Patellière, 173 min, VOF sous-titrée allemand.</span><br />
<span style="color: #000000;">23/11 à 12:30 | <strong>Kina &amp; Yuk </strong>&#8211; de Guillaume Maidatchevsky, 80 min.</span><br />
<span style="color: #000000;">23/11 à 16h15 | <strong>Boléro</strong> &#8211; d&#8217;Anne Fontaine, 120 min, VOF sous-titrée allemand.</span><br />
<span style="color: #000000;">23/11 à 19:00 | <strong>Nous les Leroy &#8211; C&#8217;est à toi Cherie</strong> &#8211; de Florent Bernard (FloBer), 102 min, VOF sous-titrée allemand.</span><br />
<span style="color: #000000;">24/11 à 16:30 | <a style="color: #000000;" href="https://www.zeise.de/film/3434" rel="nofollow"><strong>Rabia</strong></a> &#8211; de Mareike Engelhardt, 95 min, VOF sous-titrée allemand. &#8211; <strong>avec invité</strong></span><br />
<span style="color: #000000;">24/11 à 19:30 | <a style="color: #000000;" href="https://www.zeise.de/film/3436" rel="nofollow"><strong>Le Comte de Monte-Cristo</strong></a> &#8211; de Matthieu Delaporte et Alexandre De La Patellière, 173 min, VOF sous-titrée allemand.</span></p>
<p><span style="color: #000000;"><a style="color: #000000;" href="https://www.zeise.de/" rel="nofollow"><strong>Zeise-Kinos</strong></a></span><br />
<span style="color: #000000;">Friedensallee 7-9</span><br />
<span style="color: #000000;">22765 Hamburg</span></p>
<p class="red"><span style="color: #000000;">Programme au cinéma Metropolis</span></p>
<p><span style="color: #000000;">25/11 à 17:00 | <a style="color: #000000;" href="https://www.metropoliskino.de/themen?theme=94&amp;film=2129" rel="nofollow"><strong>L&#8217;Art d&#8217;être heureux</strong></a> &#8211; de Stefan Liberski, 110 min, VOF sous-titrée allemand.</span><br />
<span style="color: #000000;">25/11 à 9h15 | <a style="color: #000000;" href="https://www.metropoliskino.de/themen?theme=94&amp;film=2130" rel="nofollow"><strong>Ma vie, ma gueule</strong></a><strong> </strong>&#8211; de Sophie Fillières, 99 min, VOF sous-titrée allemand.</span><br />
<span style="color: #000000;">26/11 à 17:00 | <a style="color: #000000;" href="https://www.metropoliskino.de/themen?theme=94&amp;film=2131" rel="nofollow"><strong>La plus précieuse des marchandises</strong></a> &#8211; de Michel Hazanavicius, 81 min, VOF sous-titrée allemand.</span><br />
<span style="color: #000000;">26/11 à 19:00 | <a style="color: #000000;" href="https://www.metropoliskino.de/themen?theme=94&amp;film=2132" rel="nofollow"><strong>Beating Hearts / L&#8217;amour ouf</strong></a><strong> </strong>&#8211; de Gilles Lellouche, 166 min, VOF sous-titrée allemand.</span><br />
<span style="color: #000000;">27/11 à 17:30 | <a style="color: #000000;" href="https://www.metropoliskino.de/themen?theme=94&amp;film=2134" rel="nofollow"><strong>Le Roman de Jim</strong></a> &#8211; d&#8217;Arnaud Larrieu et Jean-Marie Larrieu, 101 min, VOF sous-titrée allemand.</span><br />
<span style="color: #000000;">27/11 à 19:45 | <a style="color: #000000;" href="https://www.metropoliskino.de/themen?theme=94&amp;film=2135" rel="nofollow"><strong>Rendez-vous avec Pol Pot</strong></a> &#8211; de Rithy Panh, 118 min, VOF sous-titrée allemand.</span></p>
<p><span style="color: #000000;"><a style="color: #000000;" href="https://www.metropoliskino.de/home" rel="nofollow"><strong>Metropolis Kino</strong></a></span><br />
<span style="color: #000000;">Kleine Theaterstraße 10</span><br />
<span style="color: #000000;">20354 Hamburg</span></p>
<p>&nbsp;</p>
<p><span style="color: #000000;"><em>Une initiative de l&#8217;Institut français d&#8217;Allemagne et d’Unifrance.</em></span></p>
</div>
<div id="infobox">
<h3 class="date"><span style="color: #000000;">21 novembre 2024 &#8211; 27 novembre 2024</span></h3>
</div>
<p>Plus d´informations sur le site du festival : <a href="https://www.franzoesische-filmwoche.de/">ici</a></p>
